 16391. What is t(186)?
163
Let u(j) = -2*j**3 + 63*j**2 + 31*j - 461. Give u(32).
-493
Let k(p) = -28712*p - 201184. Determine k(-7).
-200
Let z(l) = 637*l - 15869. What is z(24)?
-581
Let d(r) = r**3 - 63*r**2 + 287*r + 3161. Calculate d(57).
26
Let a(s) = -4*s**2 + 145*s - 147. Determine a(1).
-6
Let v(o) = -o**3 - 7*o**2 + 557*o + 4391. Calculate v(-8).
-1
Let u(q) = -q**3 - 38*q**2 + 184*q + 74. Give u(-41).
-2427
Let h(s) = 2*s**3 + 87*s**2 + 217*s + 648. Calculate h(-41).
156
Let z(i) = -2201*i - 327814. Give z(-149).
135
Let h(u) = -152*u - 1687. Determine h(-7).
-623
Let y(j) = j**3 + 162*j**2 - 7129*j + 29. Determine y(36).
-7
Let p(i) = -i**2 + 104*i + 5976. What is p(-42)?
-156
Let k(h) = -1006997*h + 10069962. Give k(10).
-8
Let r(d) = -d**3 - 49*d**2 + 491*d + 1969. What is r(-57)?
-26
Let a(g) = -g**3 - 40*g**2 + 5681*g - 240. Determine a(-98).
54
Let t(z) = z**3 + 289*z**2 + 833*z - 6896. Calculate t(-286).
254
Let j(r) = -2*r**3 + 42*r**2 - 184*r + 1512. Calculate j(19).
-540
Let y(a) = 44178*a + 132540. What is y(-3)?
6
Let d(p) = 224*p**2 - 490*p - 5108. Give d(6).
16
Let h(v) = -8165*v**2 - 244949*v + 23. What is h(-30)?
-7
Let m(g) = -g**3 + 25*g**2 + 56*g - 1540. Calculate m(8).
-4
Let l(q) = 23*q**2 - 652*q + 207. Give l(28).
-17
Let t(o) = -o**3 - 4923*o**2 + 193508*o + 385. Give t(39).
-5
Let b(g) = -2*g**3 - 574*g**2 - 1702*g + 1. Determine b(-3).
-5
Let v(s) = 135*s**3 - 8*s**2 - 75*s - 67. Calculate v(-1).
-135
Let b(d) = -10918*d - 65471. Calculate b(-6).
37
Let a(q) = q**3 + 254*q**2 + 2669*q - 972. Calculate a(-243).
0
Let q(t) = 6215*t + 2436250. Determine q(-392).
-30
Let s(i) = -35*i + 874. Determine s(12).
454
Let s(v) = 2*v**3 - 56*v**2 - 1151*v + 345. What is s(-14)?
-5
Let m(v) = 4*v**2 - 30*v + 91. Determine m(8).
107
Let s(u) = 9*u**2 - 268*u - 13733. Give s(-27).
64
Let i(l) = 523*l + 6075. What is i(-13)?
-724
Let x(z) = -2141*z - 15054. Determine x(-7).
-67
Let p(m) = 150*m**2 - 3446*m - 62. What is p(23)?
30
Let m(g) = g**2 - 23*g - 13628. Calculate m(-106).
46
Let s(j) = j**2 - 62*j - 14595. Determine s(155).
-180
Let p(z) = 30*z**2 + 17846*z - 2391. Calculate p(-595).
-11
Let n(y) = 8977*y + 4569260. What is n(-509)?
-33
Let h(s) = -7*s**3 + 2118*s**2 + 5195*s - 2989. What is h(305)?
61
Let m(c) = 37*c**2 - 5028*c + 20107. Determine m(4).
587
Let u(g) = -7313*g + 29206. Calculate u(4).
-46
Let o(p) = 2*p**3 - 13*p**2 + 1421*p - 2828. Calculate o(2).
-22
Let o(g) = 15711*g - 6630044. Determine o(422).
-2
Let i(c) = -1743*c + 45525. Calculate i(26).
207
Let m(a) = 3*a**3 - 1120*a**2 + 4451*a + 82. Calculate m(4).
158
Let i(j) = 28433*j + 113679. Calculate i(-4).
-53
Let q(j) = j**3 + 27*j**2 + 248*j - 4. Calculate q(-7).
-760
Let t(c) = 4*c**2 + 366*c + 8203. Determine t(-52).
-13
Let x(c) = -3*c**2 - 14781*c - 323728. What is x(-22)?
2
Let c(t) = t**2 - 5380*t - 1425139. What is c(-253)?
10
Let l(h) = -18*h**2 - 3493*h - 174. Calculate l(-194).
20
Let o(b) = 399*b**2 + 5585*b - 22. Determine o(-14).
-8
Let c(o) = -50*o**3 + 4*o**2 + 4*o - 39. Give c(4).
-3159
Let m(g) = -7*g**2 - 2694*g + 10892. Determine m(4).
4
Let i(b) = -b**3 + 68*b**2 - 147*b + 994. What is i(66)?
4
Let w(o) = 11197*o - 111966. What is w(10)?
4
Let g(v) = 4*v**3 + 32*v**2 + 41*v + 1. Determine g(-5).
96
Let v(x) = -x**3 - 42*x**2 - 302*x + 598. Calculate v(-32).
22
Let h(k) = -514*k + 3996. Calculate h(5).
1426
Let t(j) = 3*j**3 + 165*j**2 - 174*j - 702. Calculate t(-56).
-366
Let i(s) = -2*s**3 - 2*s**2 - 973*s + 12. Determine i(0).
12
Let z(r) = -24201*r + 1621438. Calculate z(67).
-29
Let c(f) = f**3 - 52*f**2 - 447*f + 9288. Calculate c(57).
54
Let r(c) = -2*c**3 - 939*c**2 - 5099*c + 2580. What is r(-464)?
260
Let k(w) = -32*w - 1978. Calculate k(-98).
1158
Let t(v) = -9842*v + 187142. Determine t(19).
144
Let t(u) = 2*u**2 + 1659*u - 25367. Determine t(15).
-32
Let h(c) = -2031815*c - 8127260. Determine h(-4).
0
Let n(k) = -5*k**2 - 99*k - 267. Determine n(-3).
-15
Let a(w) = -79*w**3 - 2685*w**2 + 25*w - 322. Give a(-34).
-16
Let m(k) = 9*k**2 - 117090*k - 351262. Give m(-3).
89
Let n(m) = -m**2 - 4212*m - 847995. Calculate n(-212).
5
Let i(f) = -12*f**2 + 182*f - 350. What is i(13)?
-12
Let x(m) = 2904*m + 17418. Give x(-6).
-6
Let a(o) = o**3 + 13*o**2 + 38*o - 82. What is a(-9)?
-100
Let v(n) = -19793*n + 11084098. Calculate v(560).
18
Let g(k) = -9*k**3 + 80*k**2 + 76*k - 1176. Calculate g(8).
-56
Let t(s) = -s**3 - 207*s**2 + 22*s + 4639. What is t(-207)?
85
Let y(c) = 4409*c - 1499103. Give y(340).
-43
Let r(y) = y**2 - 65*y + 145. Calculate r(44).
-779
Let d(x) = x**2 + 4188*x + 54401. Give d(-13).
126
Let w(b) = b**2 - 142*b - 530. What is w(-11)?
1153
Let t(y) = -1977*y + 37504. Give t(17).
3895
Let f(i) = -i**2 - 121*i + 7889. Give f(47).
-7
Let z(l) = 3018*l + 165967. Give z(-55).
-23
Let r(l) = 4*l**3 + 29*l**2 - 217*l - 1708. Determine r(-8).
-164
Let s(i) = -166036*i - 498085. Give s(-3).
23
Let f(m) = 415*m + 104547. Give f(-252).
-33
Let c(x) = -6*x**2 - 59178*x - 59178. Calculate c(-1).
-6
Let q(u) = u**2 + 3452*u - 42. Calculate q(0).
-42
Let y(c) = -c**3 - 121*c**2 + 94*c - 222. Determine y(-122).
3194
Let j(p) = 2*p**3 - 8*p**2 + 371*p + 1557. Give j(-4).
-183
Let p(g) = -g**2 + 48044*g + 2356565. Determine p(-49).
8
Let t(j) = 3*j**3 - 104*j**2 + 9*j - 821. Determine t(35).
719
Let k(z) = -23*z**2 - 455*z + 42. Calculate k(-20).
-58
Let x(a) = -164*a - 46400. Determine x(-293).
1652
Let a(q) = 4292*q + 502170. What is a(-117)?
6
Let v(f) = -10720*f - 289425. Calculate v(-27).
15
Let k(r) = 100*r + 18068. Determine k(-179).
168
Let c(i) = 962*i - 8721. Give c(14).
4747
Let m(w) = -5*w**2 + 155*w - 2559. What is m(28)?
-2139
Let p(i) = -817*i + 181353. What is p(222)?
-21
Let y(r) = -r**3 + 25*r**2 - 1590*r + 35512. What is y(23)?
0
Let l(c) = -2*c**3 - 39*c**2 + 17*c - 84. Give l(-20).
-24
Let q(b) = -7*b**3 + 73*b**2 - 7*b - 298. Calculate q(10).
-68
Let l(f) = -112*f**3 + f**2 - 180*f + 179. Calculate l(1).
-112
Let k(a) = -249286*a - 2991427. Calculate k(-12).
5
Let f(a) = a**3 - 1180*a**2 + 54332*a + 230. Determine f(48).
38
Let b(i) = 7*i**2 + 18*i - 129. What is b(3)?
-12
Let h(o) = 9249*o - 64764. Determine h(7).
-21
Let z(x) = -x**3 + 4433*x**2 + 129401*x + 81. Determine z(-29).
-6
Let p(q) = -193*q + 45160. Give p(234).
-2
Let v(m) = m**3 + 2*m**2 + 170*m - 1278. What is v(6)?
30
Let i(m) = 209*m**3 - 9*m**2 - 5. What is i(0)?
-5
Let k(b) = -b**3 + 6*b**2 + 150*b - 929. Determine k(12).
7
Let f(q) = -98*q**3 + 1571*q**2 - 27*q - 56. What is f(16)?
280
Let q(m) = -706*m - 540079. Give q(-765).
11
Let h(u) = -1133*u + 21259. What is h(19)?
-268
Let m(z) = 4283*z + 179962. Determine m(-42).
76
Let z(q) = -q**3 - 4*q**2 + 48*q + 1313. What is z(11)?
26
Let l(b) = 16*b**2 + 395*b - 1999. What is l(-29)?
2
Let j(n) = 2*n**2 + 40713*n + 203513. Calculate j(-5).
-2
Let t(k) = 904*k**2 - 375154*k - 2492. Calculate t(415).
-2
Let a(k) = -1213*k + 61012. Calculate a(51).
-851
Let f(s) = -8*s**3 - 171*s**2 - 212*s + 45. Calculate f(-20).
-115
Let a(h) = 139*h**2 + 655*h + 1294. Give a(-2).
540
Let p(o) = -10*o**3 - 507*o**2 - 5885*o + 37. Give p(-18).
19
Let t(g) = -g**2 + 4572*g - 4413988. What is t(1385)?
7
Let r(o) = -117*o - 14717. What is r(-129)?
376
Let s(a) = 5836*a + 34349. Give s(-6).
-667
Let s(g) = 7*g**3 - 75*g**2 + 84*g + 409. Calculate s(4).
-7
Let r(t) = -388*t**2 + 19787*t + 123. Determine r(51).
72
Let u(z) = -z**2 + 1668*z + 100078. What is u(-58)?
-30
Let b(u) = 1250*u + 266169. Give b(-213).
-81
Let c(h) = 160*h - 7078. What is c(39)?
-838
Let r(u) = -9064*u + 54387. Calculate r(6).
3
Let d(t) = -t**3 - 3*t**2 - 28*t + 36. Determine d(6).
-456
Let q(r) = 19*r**2 - 170*r + 358. Determine q(2).
94
Let r(x) = 104*x**3 - 4*x**2 + 15*x - 23. Determine r(2).
823
Let r(x) = -644*x + 305859. Determine r(475).
-41
Let x(s) = -41998*s + 253598. Calculate x(6).
1610
Let l(y) = 1722*y + 32. What is l(0)?
32
Let k(c) = -301*c**2 + 132*c + 122. Determine k(-1).
-311
Let i(c) = 6*c**2 + 4*c + 240. Determine i(0).
240
Let k(p) = -4*p**2 + 7*p + 9816. Calculate k(-49).
-131
Let q(m) = 10*m**2 - 116*m + 1066. Calculate q(11).
1000
Let d(m) = 5532*m**2 + 370641*m + 30. Give d(-67).
231
Let j(u) = 